he remainder when 1569 is divided by 102.
39
What is the remainder when 5692 is divided by 74?
68
What is the remainder when 6881 is divided by 3440?
1
Calculate the remainder when 10888 is divided by 363.
361
Calculate the remainder when 5485 is divided by 19.
13
What is the remainder when 41682 is divided by 20838?
6
Calculate the remainder when 357810 is divided by 68.
62
What is the remainder when 32136 is divided by 328?
320
Calculate the remainder when 1444 is divided by 1428.
16
What is the remainder when 13675 is divided by 297?
13
Calculate the remainder when 440845 is divided by 549.
547
Calculate the remainder when 6124858 is divided by 315.
313
What is the remainder when 24730 is divided by 97?
92
What is the remainder when 15157 is divided by 797?
14
Calculate the remainder when 884012 is divided by 1193.
1192
What is the remainder when 6394 is divided by 798?
10
Calculate the remainder when 1254 is divided by 1126.
128
What is the remainder when 119038 is divided by 799?
786
What is the remainder when 6353 is divided by 2069?
146
What is the remainder when 23247 is divided by 298?
3
What is the remainder when 6470246 is divided by 668?
666
Calculate the remainder when 41124 is divided by 151.
52
Calculate the remainder when 36971 is divided by 234.
233
Calculate the remainder when 225180 is divided by 121.
120
What is the remainder when 29033 is divided by 1527?
20
What is the remainder when 69418 is divided by 69?
4
What is the remainder when 82222 is divided by 783?
7
What is the remainder when 19916 is divided by 262?
4
What is the remainder when 2735454 is divided by 146?
144
What is the remainder when 3204 is divided by 3104?
100
Calculate the remainder when 201359 is divided by 80.
79
Calculate the remainder when 13623 is divided by 4540.
3
Calculate the remainder when 154510 is divided by 522.
520
What is the remainder when 794474 is divided by 15?
14
Calculate the remainder when 2097 is divided by 124.
113
What is the remainder when 175774 is divided by 87886?
2
What is the remainder when 128415 is divided by 76?
51
What is the remainder when 37810 is divided by 1350?
10
What is the remainder when 110828 is divided by 342?
20
Calculate the remainder when 11614 is divided by 321.
58
What is the remainder when 42334 is divided by 25?
9
What is the remainder when 1926 is divided by 109?
73
Calculate the remainder when 12766 is divided by 60.
46
What is the remainder when 581 is divided by 73?
70
What is the remainder when 160324 is divided by 605?
604
What is the remainder when 24902 is divided by 8224?
230
Calculate the remainder when 142158 is divided by 28409.
113
What is the remainder when 436583 is divided by 245?
238
What is the remainder when 35842 is divided by 17919?
4
What is the remainder when 5166 is divided by 1779?
1608
Calculate the remainder when 5949630 is divided by 274.
268
What is the remainder when 119212 is divided by 39719?
55
Calculate the remainder when 79831 is divided by 159.
13
What is the remainder when 155499 is divided by 299?
19
What is the remainder when 60504 is divided by 85?
69
What is the remainder when 95223 is divided by 532?
527
Calculate the remainder when 2495 is divided by 503.
483
What is the remainder when 1931 is divided by 20?
11
What is the remainder when 1923 is divided by 890?
143
Calculate the remainder when 14228773 is divided by 45.
43
What is the remainder when 1591 is divided by 85?
61
Calculate the remainder when 813787 is divided by 2092.
2091
Calculate the remainder when 21038 is divided by 21034.
4
Calculate the remainder when 14833 is divided by 14800.
33
What is the remainder when 30806 is divided by 933?
17
What is the remainder when 4870 is divided by 8?
6
What is the remainder when 1160 is divided by 541?
78
What is the remainder when 9138 is divided by 3037?
27
Calculate the remainder when 5529 is divided by 5503.
26
What is the remainder when 24961 is divided by 57?
52
What is the remainder when 4785016 is divided by 177?
175
What is the remainder when 106085 is divided by 3928?
29
What is the remainder when 111313 is divided by 37095?
28
Calculate the remainder when 67831 is divided by 2253.
241
What is the remainder when 26829 is divided by 129?
126
What is the remainder when 167361 is divided by 613?
12
What is the remainder when 14966 is divided by 405?
386
What is the remainder when 11465 is divided by 959?
916
What is the remainder when 3235 is divided by 3203?
32
What is the remainder when 1441 is divided by 1163?
278
What is the remainder when 277640 is divided by 113?
112
What is the remainder when 600 is divided by 182?
54
What is the remainder when 88366 is divided by 208?
174
What is the remainder when 3761 is divided by 2914?
847
Calculate the remainder when 133412 is divided by 376.
308
Calculate the remainder when 242840 is divided by 1420.
20
What is the remainder when 5229 is divided by 2577?
75
Calculate the remainder when 291 is divided by 77.
60
Calculate the remainder when 4452 is divided by 171.
6
What is the remainder when 1113 is divided by 409?
295
What is the remainder when 1689 is divided by 833?
23
Calculate the remainder when 28284 is divided by 9382.
138
Calculate the remainder when 6255 is divided by 3121.
13
What is the remainder when 77 is divided by 31?
15
Calculate the remainder when 1622 is divided by 91.
75
Calculate the remainder when 27454 is divided by 95.
94
Calculate the remainder when 966 is divided by 5.
1
Calculate the remainder when 366268 is divided by 59.
55
Calculate the remainder when 348684 is divided by 98.
0
What is the remainder when 31546 is divided by 3937?
50
What is the remainder when 24641 is divided by 8205?
26
Calculate the remainder when 2294 is divided by 466.
430
Calculate the remainder when 2684 is divided by 8.
4
What is the remainder when 272797 is divided by 38969?
14
Calculate the remainder when 15801 is divided by 7872.
57
What is the remainder when 2582 is divided by 1037?
508
What is the remainder when 3917 is divided by 1235?
212
Calculate the remainder when 10498 is divided by 1224.
706
Calculate the remainder when 24235 is divided by 2423.
5
What is the remainder when 19664 is divided by 6?
2
Calculate the remainder when 338007 is divided by 443.
441
Calculate the remainder when 7485 is divided by 2485.
30
Calculate the remainder when 67676 is divided by 245.
56
Calculate the remainder when 1920 is divided by 174.
6
What is the remainder when 15239 is divided by 3?
2
What is the remainder when 2794 is divided by 120?
34
What is the remainder when 716478 is divided by 20?
18
What is the remainder when 5839 is divided by 1162?
29
What is the remainder when 46554 is divided by 4226?
68
What is the remainder when 38978 is divided by 1026?
1016
What is the remainder when 295136 is divided by 311?
308
Calculate the remainder when 446850 is divided by 373.
369
Calculate the remainder when 132999 is divided by 152.
151
What is the remainder when 50770 is divided by 3625?
20
Calculate the remainder when 9832 is divided by 5.
2
Calculate the remainder when 4281 is divided by 328.
17
What is the remainder when 24848 is divided by 92?
8
Calculate the remainder when 9942067 is divided by 2913.
2911
What is the remainder when 6888 is divided by 670?
188
Calculate the remainder when 8278 is divided by 78.
10
What is the remainder when 1431 is divided by 630?
171
What is the remainder when 73303 is divided by 17?
16
Calculate the remainder when 2062 is divided by 2062.
0
Calculate the remainder when 25387 is divided by 409.
29
Calculate the remainder when 542374 is divided by 558.
556
What is the remainder when 31116 is divided by 15448?
220
What is the remainder when 19678 is divided by 12?
10
What is the remainder when 13806 is divided by 354?
0
What is the remainder when 79900 is divided by 720?
700
What is the remainder when 1128 is divided by 231?
204
Calculate the remainder when 11543 is divided by 1847.
461
What is the remainder when 28973 is divided by 26?
9
Calculate the remainder when 29568 is divided by 2112.
0
Calculate the remainder when 106990 is divided by 13372.
14
What is the remainder when 1986 is divided by 238?
82
Calculate the remainder when 27917 is divided by 13951.
15
Calcu